What is (12 - 4) + -4 + -6?
-2
Calculate (25 - 11) + -5 + -7.
2
-3 + 0 + (6 - (-6 - -10))
-1
Evaluate 67 - 59 - (0 - (-1 - 2)).
5
Evaluate -3 - (9 - 0) - -9.
-3
Evaluate -2 - 0 - (-1 + (0 - 4)).
3
What is the value of 1 + 0 - (-13 - (15 + -25))?
4
What is 2 + -2 - (-24 - -27)?
-3
Calculate -2 - -1 - 10 - -8.
-3
What is the value of -9 + 20 - (6 + 0) - 5?
0
What is the value of 3 + -3 - -7 - 4 - 11?
-8
Calculate 1 + 7 + -1 + 5 + -14.
-2
Calculate 5 + (-4 - (0 - (-2 + 8))).
7
What is 17 + -9 + -6 + -5?
-3
Calculate -1 + 0 + 4 - 2.
1
What is the value of -37 + 36 - (0 + 2)?
-3
Calculate -3 + (3 - 2) - -5 - 0.
3
What is the value of -1 + -2 + 2 + 8 + -14?
-7
Evaluate (-9 - (-7 - -4)) + 6.
0
Calculate (3 - (3 + 3)) + 3 - 1.
-1
What is the value of -6 + 0 + 9 + -7?
-4
Calculate -2 - (-2 + 5 + -4).
-1
Calculate 5 - (1 + -1) - 2 - 4.
-1
Evaluate 7 - (9 + (-7 - -9)) - 3.
-7
What is 6 + (-18 - -10) + -5?
-7
Calculate -2 + (-7 + 3 - (-4 + -6)).
4
What is (8 - (3 - 0)) + (-20 - -9)?
-6
Evaluate -4 - (-27 + 1 + 7 + 6).
9
Evaluate (-3 - 2) + 10 + -3.
2
6 - (0 + 6 - -2)
-2
Evaluate -6 + (2 - -8) + 6.
10
Evaluate 0 + 1 + -5 + (-10 - -13).
-1
What is the value of -7 - -1 - (0 + -2 + -2)?
-2
What is the value of (-2 - (-6 - -11 - 3)) + 8?
4
What is 3 + -9 + (1 - -5)?
0
6 + 1 + (-3 - -3) + -7
0
What is the value of (-27 + 15 - -10) + 0 + -3?
-5
Calculate -14 + 15 + (-5 - -3).
-1
What is the value of -1 + -1 + -1 + (-34 - -31)?
-6
Evaluate 7 + 2 + 11 + (-8 - 5).
7
What is the value of 37 + -39 - (3 + -5)?
0
Evaluate 0 - 1 - (-15 + 11).
3
What is -1 - (1 - (-4 + 4) - 7)?
5
Evaluate (3 - 0) + -1 + -1.
1
2 - 9 - (0 - 2)
-5
What is the value of (6 - (5 - -1)) + 5?
5
What is -2 - (2 - (10 - 6 - -4))?
4
What is the value of -1 + -2 - (3 - (0 - -2))?
-4
(3 - (-1 - -1)) + (-16 - -11)
-2
What is (-10 - -5 - -5) + -1?
-1
Evaluate 0 + -3 - (-5 + 6 - 0).
-4
What is the value of 27 + -32 - (3 - 11)?
3
Evaluate 4 + -3 + -8 + 0.
-7
Evaluate (4 + -1 - (16 + -11)) + 5.
3
What is -5 - (-1 + -6 + 73 + -70)?
-1
What is the value of 9 + (4 + -4 - 5)?
4
8 + (-3 - -1) + (-1 - 2)
3
What is the value of 8 - (1 - -4 - 4) - 2?
5
Evaluate (2 - 3) + 0 - 4.
-5
What is -3 - (4 + 0 + 16 + -22)?
-1
Evaluate 1 - -8 - (4 + 1 + 0).
4
Evaluate 2 - (1 - (7 + -4 - 0)).
4
What is the value of (-13 - -16) + (5 - 4 - 1)?
3
Calculate -4 - ((3 - (4 + -7)) + -7).
-3
Evaluate -5 + (-3 - -4 - 3).
-7
What is (5 - 9) + 2 + -1 + 3?
0
Evaluate -1 + 1 + -4 + -47 + 53.
2
What is -2 + -6 + -3 + 10?
-1
What is the value of 1 + -3 + -2 + 4?
0
Calculate -9 - (11 + -8 + -10).
-2
What is the value of -4 + 6 - (0 + 0) - -3?
5
What is the value of 1 + 2 - (-1 + -8 + 11)?
1
What is 0 - -9 - (9 - 6)?
6
What is the value of 5 + -1 + 0 - (53 - 53)?
4
1 + -2 - (-29 - -26)
2
1 + -1 + 4 - 7
-3
Evaluate 11 + -12 + 7 + -15.
-9
Evaluate 0 - (7 - (22 - 12)).
3
Calculate 1 + -1 - (9 + -7).
-2
What is -16 + -7 + 4 - -14?
-5
6 + (2 + -4 - (-5 + 7))
2
What is -3 + (2 + 4 - 4)?
-1
Evaluate (6 - 2 - -2) + 9 + -9.
6
(-3 - -2 - (-1 + 1)) + 6
5
0 + (15 - 7) + -3
5
What is the value of 21 - (-11 - -22) - 9?
1
Calculate -5 + 8 + -4 + -3.
-4
-5 + (0 - -4) + 4
3
Evaluate -3 - (-5 - (-4 + (-2 - -7))).
3
Calculate (-4 - (4 + -12)) + -4.
0
7 + 1 + -9 + -2 + 1
-2
What is the value of 3 + (2 - 1) + (55 - 54)?
5
3 + (3 - (5 - 1))
2
What is the value of -19 + 8 + 10 - (0 - -2)?
-3
Calculate 1 - (0 + (3 - 2) + 2).
-2
What is -83 - -80 - (-2 - 1)?
0
Evaluate 0 - -8 - (-8 - -16).
0
(-5 - (-1 - 0)) + (-33 - -30)
-7
Calculate -16 - -4 - (-5 - 3).
-4
-3 + 5 - (2 + -1) - -1
2
What is the value of -1 + -1 + (2 - -2 - 5)?
-3
What is the value of -10 - ((6 - 2) + -9)?
-5
What is the value of -2 + -2 + 3 + -1?
-2
What is the value of -3 - (7 - 2 - 7)?
-1
Evaluate (213 - 226) + (0 - -4).
-9
Calculate -12 - (-22 - -11) - -9.
8
6 + -25 + 3 + 10
-6
What is the value of -2 + 3 + 4 + -7 + -3?
-5
Evaluate 3 + (-12 - 0 - -16).
7
What is the value of 9 + -8 + 4 - 4 - 3?
-2
What is the value of 7 - (5 + 4 + -3)?
1
What is 1 + -10 - (-6 + -7)?
4
Calculate (6 - -3) + -5 + -7.
-3
What is 3 + -7 + 2 - -5?
3
Evaluate 9 - (16 + (3 - 9)).
-1
Evaluate 0 - (10 - 6 - (5 - 3)).
-2
What is (-4 - -5) + 0 + (-6 - 0)?
-5
(-3 - (-2 - 10)) + -3
6
What is the value of -2 - (-2 - -1) - (104 - 102)?
-3
What is 6 - (4 + (-4 - -3))?
3
Calculate -3 - (2 - (3 - (-1 - 0))).
-1
Calculate -4 - (2 + 4 + -2 + -7).
-1
What is the value of -8 + 4 - -3 - (1 - 2)?
0
What is the value of -5 + 5 + (2 + -6 - -3)?
-1
Calculate -8 - (2 + 3 + -9).
-4
Evaluate 0 + 5 + (8 - (8 + 0)).
5
Calculate (8 + 0 - 3) + 3 + -10.
-2
What is the value of -1 - (-3 + -4 + 5)?
1
What is (2 - -8) + (2 - 7)?
5
Calculate 3 + 0 + 2 + (-1 - 0).
4
1 - (0 + 1 - -2) - -5
3
7 - (0 + 2) - 8
-3
Calculate -4 - -2 - (-13 - -12).
-1
What is 3 - -8 - 5 - 4?
2
Calculate -10 - ((3 - (2 - 7)) + -11).
-7
What is the value of -3 + 1 + 2 + 5 - 3?
2
What is the value of (-5 - (-5 + -4)) + 0 + -4?
0
Calculate -6 + 4 + -2 + 0.
-4
What is the value of -3 + (1 - 7) + 16 + -3?
4
What is 5 + -8 + 4 - (4 - -1)?
-4
1 - (-6 - -6) - (2 + -1)
0
Evaluate 22 + -23 - (-2 + (-2 - -2)).
1
Evaluate (0 - -3 - -1) + -3.
1
What is (10 - (6 + -7)) + -17?
-6
5 + -1 - (-6 + 8) - 1
1
-5 + (7 - (2 + 1)) + -3
-4
What is the value of 5 + 2 + (10 - 10)?
7
Calculate -3 - (0 + -9) - (2 + 3).
1
What is the value of -2 - (-1 - (-1 + 1))?
-1
Calculate -5 + 8 + -5 + 3 - -4.
5
5 + -1 + (-3 - 2)
-1
Calculate 0 + -4 - -2 - (1 + 1).
-4
Evaluate -3 - ((-5 - (1 + -2)) + -1).
2
Evaluate -12 + (13 - (0 - 9)).
10
What is -3 + -3 + (16 - 12) - 1?
-3
Calculate -5 + (0 - (-1 + -7)).
3
Calculate 2 + 2 + -2 - -2.
4
What is -7 - (-4 + 4 - 3)?
-4
What is -3 + -2 - -3 - (2 + 0)?
-4
What is the value of -2 + -2 - ((-11 - 5) + 9)?
3
Evaluate -1 - 2 - (-6 + (12 - 8)).
-1
Evaluate (-2 - 4) + 2 + 2.
-2
Calculate -3 - (-1 + -2) - 1.
-1
7 + (-4 - (-5 - -4))
4
-2 + 8 + (-15 - -14)
5
What is the value of 1 - -8 - 2 - (15 - 17)?
9
-3 - -5 - 2 - 2
-2
11 + -2 - (0 - -2 - 0)
7
What is the value of -5 + (-3 - -12) - -4 - 8?
0
0 - (2 - (-2 - -5))
1
Evaluate -8 + (7 - (11 - 5 - 4)).
-3
What is the value of -3 + -2 - (-3 + 3)?
-5
Calculate 3 - (-3 + -2 + (20 - 10)).
-2
What is the value of -3 + (0 - -8) - 1?
4
Evaluate 8 - (15 + -3 + 0) - 3.
-7
What is (-9 - -7) + (-5 - -5 - -1)?
-1
Calculate -4 + (10 + -1 + -2 - 4).
-1
What is 1 - (4 - ((2 - 0) + 0))?
-1
What is 0 + -2 + 5 + 39 + -38?
4
What is 2 + (-2 - 4 - (-4 - 1))?
1
What is -4 + 1 - ((-7 - -9) + -6)?
1
2 + -6 + -1 + 3 + 3
1
What is 2 - (2 + 4 - 3 - 3)?
2
What is the value of 1 + (0 - 0 - (31 - 26))?
-4
Calculate 1 + -2 + 3 + (-1 - 3).
-2
Calculate (-2 + -1 - -1) + (5 - 4).
-1
0 - -5 - (13 + -4)
-4
Calculate (4 - 0) + 0 + 1.
5
Calculate -3 - 1 - (-1 + 0).
-3
Calculate (-5 - (7 - (5 + 0))) + 3.
-4
Evaluate (1 - (-2 + (3 - -3))) + 3.
0
What is the value of 32 + -26 + -2 + (-4 - 0)?
0
Evaluate -5 - ((1 - 5) + -2).
1
Calculate -6 - (5 - 10) - -3.
2
Evaluate 6 - 1 - (-1 + 0) - 1.
5
What is 3 + 5 + -4 + 3 + -4?
3
What is -3 + (4 - (3 - 4))?
2
What is the value of 3 + (-1 - (2 - 0))?
0
-2 - (8 + 4 + -17)
3
What is the value of 2 - ((1 - 0) + -4)?
5
Calculate 17 + -7 - (1 + 6).
3
4 - (-1 - (5 - (8 + -3)))
5
What is -6 + -2 + 4 + 9 + -12?
-7
Calculate 3 + -2 + -6 - -6.
1
What is the value of -1 + -9 + 37 + -20 + -10?
-3
What is -11 + (-5 - -16) + 5?
5
What is the value of 0 + (16 - 4 - (18 + -11))?
5
-9 + -4 + 2 + 6
-5
Evaluate (-8 - (4 + -6)) + (-2 - -5).
-3
Evaluate 2 + -2 + 3 + 8 + -6.
5
What is (2 - (-5 + 7)) + -5?
-5
Calculate -1 + 3 + 2 + -8.
-4
Calculate -1 - (-4 - (4 - 7)).
0
Calculate 6 + -5 - (2 + -1 - 2).
2
What is the value of (10 - 9) + (1 - -1) + 0?
3
(4 - 0) + (-3 - (5 + -4))
0
What is -13 + (-10 - (-22 + 1))?
-2
What is 2 - -2 - 0 - (3 + -4)?
5
What is the value of 4 + (0 - (-2 - (-7 + 1)))?
0
Calculate (0 - (-1 - 1)) + (-6 - 0).
-4
Evaluate -3 + (-3 - -5 - -2 - 4).
-3
-6 + 14 + -9 + 1
0
Calculate -1 - (-6 + 1 - 2 - -5).
1
What is the value of -4 + (-4 - 1) + 5?
-4
What is (-2 - (0 + -6)) + (-1 - 2)?
1
Evaluate 4 + -1 - (8 + (6 - 9)).
-2
Evaluate 5 + (-7 - (3 + -1)).
-4
Evaluate (5 + 1 - 3) + (0 - -2).
5
What is 3 + (-1 - 2) + -3 + -1?
-4
What is 4 + (-3 - 2) + 4?
3
What is the value of -9 - -7 - 6 - (-3 - 0)?
-5
Evaluate -3 + (8 - (6 - (6 - 1))).
4
-